-6 + 2.
-5
Calculate (-3 - 0) + 0 + 0.
-3
Calculate (3 - 7) + 4 + 2.
2
Calculate -11 + 3 + 5 - -6.
3
What is the value of 9 - (10 + 3 - 2)?
-2
Calculate -14 + 17 + (2 - 3 - 3).
-1
Calculate -10 - (0 + -5) - (-6 - -2).
-1
Calculate (0 - -1) + 5 + (-9 - 2).
-5
What is -6 + -2 + (8 - 2)?
-2
What is 83 + -80 + (5 - 1)?
7
Evaluate -1 - 7 - (-10 - (-7 - -1)).
-4
Evaluate 11 + -1 - (4 - -7).
-1
What is 2 - (2 + 4 - 3)?
-1
Evaluate (-9 + 10 + 8 - 15) + -5.
-11
Calculate (3 - (-1 + 7)) + (3 - -1).
1
What is the value of 1 + 3 + (3 - 6) - 4?
-3
Evaluate -3 + -2 + 7 + 0.
2
What is -3 + 2 + (2 - 4)?
-3
Evaluate -7 + (2 - 7) + 14.
2
(-1 - (5 + -4)) + 5
3
Calculate (-4 - -2) + 1 - 8 - -3.
-6
-4 - (-2 + -3 + 4)
-3
Calculate -1 + (-5 - (4 + -7)) + 2.
-1
What is the value of (0 + -5 - -2) + 0 + 7?
4
Calculate 0 + (2 - 5 - -6).
3
What is the value of 1 - (9 - 4) - 1?
-5
(-1 - (3 - 1)) + 5 + -2
0
Calculate -1 + 3 + -1 + -3 - 1.
-3
0 + 0 + 7 + (-1 - 3)
3
What is -8 + (7 - 5) - -8?
2
Evaluate -1 - 3 - (20 + -20).
-4
Evaluate -5 - (3 + -3 + -1).
-4
What is the value of 11 - (-9 + 8 + 8)?
4
Calculate -2 - 0 - ((6 - 3) + -6).
1
4 - (-8 + 7) - 11
-6
What is the value of (-3 - -1) + (-5 - -1 - -8)?
2
Calculate (8 - 0) + (59 - 64).
3
Evaluate 17 + -3 + -13 - -10.
11
Calculate 0 + 7 - (-2 + 6 + -5).
8
(-7 - 11) + 14 + (11 - 1)
6
What is the value of 5 + (1 - (-8 + 15))?
-1
What is the value of -7 - (-5 + -10 + 5)?
3
Evaluate -6 - (-8 - (-1 + 2 + -2)).
1
Evaluate 6 + 6 + (1 - 12).
1
-1 + 1 - (12 - 8)
-4
Evaluate -5 + (0 + (6 - 3) - 1).
-3
(1 - 6) + (69 - 72)
-8
What is the value of 4 - (6 + (3 - 7))?
2
What is the value of 0 - (2 - (-2 - 1))?
-5
Calculate 0 - 3 - (-7 - -4 - -4).
-4
Evaluate 4 + -7 + 3 + -7 + 5.
-2
Calculate -18 + -1 + 9 + 5.
-5
Evaluate -9 + 11 + (-8 - -2).
-4
What is (0 - -1 - -2) + (-10 - -5)?
-2
Calculate 2 + -7 - (-3 - 5).
3
Evaluate 0 + -10 + 9 - -10.
9
What is the value of 1 + 3 - 4 - -8?
8
Evaluate 7 + (5 - 27) + 8.
-7
Evaluate -9 + (-1 - -16) - 6.
0
What is the value of 3 + (-8 - 0) + 1?
-4
Evaluate 2 - (-3 - (2 - 5)).
2
What is (0 + 3 - (1 - -5)) + 0?
-3
Calculate -12 - (6 - (9 + 3)).
-6
0 - ((5 - 4) + -1)
0
-2 - (-18 + 19 - (1 - 0))
-2
What is 4 - (6 + -3 + 5)?
-4
Calculate 8 - ((-6 - -6 - -6) + -1).
3
129 + -120 - (6 + -1 + 2)
2
What is -2 + -6 + 10 + -1?
1
Calculate 1 - -1 - (12 + -10).
0
What is 1 + 2 - ((-4 - -8) + 0)?
-1
What is -8 - (-2 + -1) - -12 - 5?
2
Calculate 11 + -1 + (-119 - -110).
1
What is (-2 - (2 - 0 - 1)) + 1?
-2
-11 - -7 - (6 + -8)
-2
What is (2 - -6) + (0 - (4 + 0))?
4
-3 - ((12 - 10) + -5)
0
What is the value of 1 + 2 - 5 - (11 - 10)?
-3
Evaluate 6 - (-6 - (0 - 2)) - 5.
5
Calculate -7 + 9 + -11 + (3 - 5).
-11
(1 - 8) + 8 + 1 + -6
-4
What is the value of -4 - 2 - (-20 + 13) - -2?
3
5 + 1 - (-4 + 6 + 1)
3
What is 19 - 15 - (6 + -3) - -4?
5
What is the value of (-2 - 0) + (-7 - -3)?
-6
Calculate 107 + -108 - (-4 - -1).
2
Evaluate 20 + (-18 - -12) - 12.
2
(-9 - (12 + -29)) + -4
4
Evaluate (6 - (15 - -1 - 5)) + 0.
-5
What is the value of (2 - 7) + 3 + -1?
-3
Calculate (0 - -5) + -1 + -3 + 7.
8
Evaluate (-4 + 2 - -1) + (-9 - -2).
-8
What is the value of 4 + (3 + 4 - 6)?
5
What is the value of -2 - 1 - (-4 + -15 + 17)?
-1
Calculate -1 - (-6 - 2) - 8.
-1
Calculate 11 - (-2 - (-20 - -9)).
2
3 - 0 - (13 + -11)
1
What is the value of (6 + 1 - 10) + (1 - -1)?
-1
What is 0 + (-2 + 11 - -1) - 5?
5
Evaluate (-8 - 1 - -7) + 1 + 9.
8
1 - -1 - (-3 - -4 - -2)
-1
-3 + (4 - (9 - 4))
-4
What is the value of (-9 - -5) + -2 + 7?
1
What is the value of (1 - 1) + (0 - -2 - 0)?
2
What is (-5 - -11) + -2 + -1?
3
(-5 - (1 - 4)) + 7 + -4
1
Calculate 1 - (-3 + 2 + 0).
2
Evaluate (-9 - (-12 - (-3 + -3))) + -3.
-6
What is 1 - 1 - (5 + -4 - 1)?
0
-5 + 8 + -2 - -2
3
Calculate -2 + 0 + (1 + 0 - 0).
-1
What is the value of 4 + 4 + -5 + -4 - 3?
-4
Calculate (2 - 8) + 9 - 2.
1
What is -1 - (-3 - -3 - (3 - 4))?
-2
What is the value of 2 + -7 + (-1 - (5 + -7))?
-4
What is the value of (-10 - -18) + -6 + -4 + 4?
2
What is the value of -1 + 1 + (-8 - -2) + 3?
-3
Calculate -8 + 1 - -9 - 10.
-8
What is the value of (2 + 2 - 4) + -2 - 1?
-3
Calculate (-2 - (3 + -6)) + 2 + 0.
3
What is the value of -8 + 6 - (-4 - 0)?
2
What is -3 + 6 - 12 - (-8 - -2)?
-3
What is (-3 - (-13 + 5)) + -7?
-2
What is 7 + (7 - 14 - -4)?
4
Calculate 3 + 0 + -2 - (-24 - -24).
1
What is the value of 0 - (1 + (-5 - -2))?
2
-2 - (-7 + 11) - -6
0
What is 2 + (3 - 1) + -1 + -9?
-6
What is -6 + (1 - -4) - 1?
-2
Evaluate -1 + (11 - 2 - -5) + -6.
7
Calculate -5 + (-1 - -11 - 15).
-10
What is 2 + 7 + -2 + (-14 - -10)?
3
What is the value of -3 + -1 + 3 - (-4 - -4)?
-1
2 + (-7 - (0 + 2 + -4))
-3
Calculate -3 + 4 + (-3 - -2) + -5.
-5
What is (0 - 0) + (-3 - 1 - -6)?
2
What is -1 - (1 - (-4 + 1))?
-5
Evaluate (9 - 9) + -9 + 0.
-9
What is the value of 2 - ((3 - 0) + 2)?
-3
What is 9 - (4 - 1) - 8?
-2
What is -7 + (-2 - -7) + 1 + -2?
-3
What is the value of -10 - 5 - ((-10 - 0) + 5)?
-10
What is -4 - (0 + 0) - (-6 - -6)?
-4
(-15 - -3) + 16 + -3 + 1
2
Evaluate 2 + (3 - 4) + -3 + 6.
4
What is -15 - (-17 - (0 - 12))?
-10
6 + -5 + -2 + 2 + -1
0
What is 23 + -17 + (-8 - -2) + 6?
6
What is -1 - (4 - 0 - (12 + -5))?
2
What is 0 - -6 - (-12 - -13)?
5
What is -7 - (6 - -6) - (-1 + -7)?
-11
10 + -7 + 2 + 4
9
-4 + (2 - 4 - -1) + 4
-1
Evaluate -2 - -3 - (-8 + 10).
-1
What is the value of 68 + -68 - (1 - 2 - -5)?
-4
What is the value of 2 + (11 - (-6 + 19 + -7))?
7
What is 1 - (0 - (-4 + 3 - -4))?
4
(-26 - -2 - -19) + 1 + 0
-4
What is the value of (0 + 0 - 9) + 26 + -22?
-5
-3 + 1 - (-7 - -8)
-3
What is -7 + -3 + 6 + (8 - 3)?
1
What is the value of (0 - (1 - -1)) + (2 - 5)?
-5
What is 0 + (0 - ((2 - 4) + 4))?
-2
-2 - (5 + (-5 - 6))
4
Calculate (-12 + -7 - -14) + (6 - 1).
0
What is 4 - (-6 + -5 + 6 - -18)?
-9
What is the value of (0 - -4) + -11 + 12?
5
Calculate -1 - ((5 - (7 + -3)) + -11).
9
Evaluate -7 + (-2 - (-4 - (5 + -4))).
-4
Evaluate (4 - (-3 - -4)) + 0 - 0.
3
Evaluate -6 - -5 - (-2 + -1 - -4).
-2
Evaluate (-2 - -15 - 5) + -6 - 3.
-1
What is 7 - ((-2 - 2) + 8 - 3)?
6
Calculate (-5 - -2) + (4 - (-2 + 5)).
-2
Evaluate -4 + (-2 - -5) + -1 + -1.
-3
Evaluate 3 + -5 + 3 + -1.
0
-21 + 19 - (1 + 2 + -4)
-1
What is (-8 - -9) + (-3 - 1) + 1?
-2
Evaluate 1 - (4 - (0 + 6)).
3
9 - 9 - (0 + -2 - -5)
-3
2 - ((-2 - 1) + (-16 - -21))
0
Calculate 3 + 1 + 4 + -6.
2
Evaluate 2 + 4 + 2 - (-78 + 83).
3
What is 0 - (-7 - (-1 - 5) - 0)?
1
Evaluate 5 - (4 - 0 - 5 - 0).
6
4 + (-17 - -7) + 11
5
What is the value of -2 + (-5 - -5 - -3)?
1
What is 86 - 73 - (1 - -11)?
1
What is -12 - (1 - 9) - (1 - 11)?
6
Evaluate (-3 - -4 - -3) + -9.
-5
What is the value of 21 + -24 + (1 - 0) + -1?
-3
Calculate -19 + 7 - (4 + -12 + 5).
-9
What is the value of -2 + -1 + (0 + 4 - 3)?
-2
6 + (-14 - -6) + 3
1
4 + 0 - (42 - 40)
2
5 + (-8 + -1 + 5 - 3)
-2
What is the value of -2 - (-6 + 7 - (5 + 1))?
3
-1 + 2 + 5 + -3
3
Evaluate -3 + -3 + (18 - 7).
5
Evaluate 7 + -10 + (7 - 3).
1
Calculate 1 - (-4 + (5 - 0)).
0
Calculate 2 - (-2 - (4 - 3)).
5
What is 2 + (-1 - 4) - -7?
4
What is the value of -1 - (-1 + 0) - 2?
-2
What is the value of 3 + 2 - (-4 - (5 + -10))?
4
What is -3 - (-14 + 3 + 5 + -2)?
5
Evaluate -23 - -31 - (12 - 2).
-2
8 + -7 + (0 - 0)
1
What is 6 - (7 + (5 - 9 - -3))?
0
What is -4 + 8 - (-2 + (-1 - -4))?
3
Evaluate -7 + 6 + (17 - 9).
7
6 + (3 - 5) - 7
-3
What is 5 + 2 + (-4 - 1)?
2
What is -2 + 5 + 2 + -8?
-3
What is the value of 5 + 1 + 1 + -11?
-4
What is the value of 2 + (4 - 4) + (2 - -1)?
5
What is -1 + (-3 - (-7 - -2)) + 0?
1
Calculate -2 - (-4 + -1 - (1 + -4)).
0
Evaluate -3 + (1 - (5 - (0 + 4))).
-3
What is the value of 6 - (0 - 7 - -9)?
4
What is -2 + 0 + -5 + 3?
-4
What is the value of -6 + (1 - 2) - 5 - -5?
-7
What is 4 + 0 - (-8 - (-20 + 9))?
1
What is the value of 0 + -6 - (2 + 0 + -5)?
-3
What is the value of (5 - -3) + (-9 - (-5 - -9))?
-5
What is -4 + (5 - 8) + 6?
-1
Evaluate (-10 - -14) + 3 + (0 - 3).
4
Calculate 0 + (-1 - 0 - (6 + -11)).
4
What is 10 + (9 - 4) + -11?
4
What is the value of -3 + -1 + 0 + 0?
-4
Calculate 14 + 0 + 19 + (18 - 43).
8
Evaluate 1 + -2 - (76 - 79).
2
What is -21 + 9 + (4 - -5)?
-3
6 + (4 - 14) - -1
-3
Calculate (0 + 3 - 1) + -5.
-3
What is -3 - (4 + 2 + (-24 - -17))?
-2
What is 2 + (1 - 18) + (234 - 228)?